
Let x(i) be the first derivative of -i**4/4 - 8*i**3/3 + 3*i**2 - i + 2. List the prime factors of x(-9).
2, 13
Let k(g) = g**2 + 2*g - 4. Suppose 20 = 7*o - 3*o. List the prime factors of k(o).
31
Let i(z) be the first derivative of z**4/4 - 7*z**3/3 - 7*z**2/2 + z + 4. List the prime factors of i(8).
3
Suppose 8*a - 756 = 2*a. List the prime factors of a.
2, 3, 7
Suppose 3*y - 5*s = 9 + 30, 0 = 2*y - 3*s - 25. What are the prime factors of y?
2
Suppose -2*q = h - 111, -2*h + 4*q - 567 = -7*h. List the prime factors of h.
5, 23
Let z be (32/10)/(2/10). List the prime factors of -20*(28/z - 3).
5
Suppose -4*k = 2*u - 80, -4 = 4*k + 16. Let j = 47 - 80. Let y = j + u. List the prime factors of y.
17
Let o be 60/8*12/10. List the prime factors of (-11 - -11) + -1 + o.
2
Let k(c) = -c**3 + 20*c**2 + 2*c + 25. List the prime factors of k(20).
5, 13
Let k(i) = 27*i**2 + 3*i - 2. What are the prime factors of k(1)?
2, 7
Let d = 19 + 63. What are the prime factors of d?
2, 41
Let n(m) = -m**3 + 14*m**2 + 4*m + 24. List the prime factors of n(14).
2, 5
Let k = -12 - -196. List the prime factors of k.
2, 23
Let r(l) = 2*l**2 + l. Let b be r(1). Suppose -b*j = -5*o - 40, -4*o = 3*j - 14 - 8. Suppose -a + 5*n = a - 24, -j = -3*a + n. What are the prime factors of a?
2
Let t be (-15)/(-4) + 1/4. Suppose t*p + 16 = 64. List the prime factors of 116/p + 1/3.
2, 5
Let b be (-9)/(-27) - (-11)/3. Suppose -2*r - l + 4*l + 27 = 0, -2*r = -b*l - 28. What are the prime factors of r?
2, 3
Let u(q) = -q + 162. What are the prime factors of u(0)?
2, 3
Suppose 9 = -3*a + 3, -2*j - a = -314. List the prime factors of j.
2, 79
Let f(g) = 9*g - 3. Let z be f(4). Suppose 7*v - z = 4*v. List the prime factors of v.
11
Let j(d) be the first derivative of -d**4/4 + 30*d - 1. What are the prime factors of j(0)?
2, 3, 5
Suppose 3*w + 4*m = -0*m + 307, -2*w = 3*m - 206. List the prime factors of w.
97
Let b(s) be the second derivative of -s**6/240 - s**5/120 + s**4/6 + 2*s. Let y(j) be the third derivative of b(j). List the prime factors of y(-2).
5
What are the prime factors of 516/18 + 2/(-3)?
2, 7
Let l = -3 + 6. Suppose 4*u - l = u. What are the prime factors of (u - -6)*12/14?
2, 3
Suppose -5*m = g - 1021, 3*m - 399 = -5*g + 196. List the prime factors of m.
5, 41
Suppose 5*p = 4*b - 170, -b - 3*p + 48 = -3. What are the prime factors of b?
3, 5
Let h(a) = 9*a. Let w(k) = -k**3 + 7*k**2 - 6*k + 2. Let d be w(6). Let r be (-2)/(4 - d)*-1. What are the prime factors of h(r)?
3
Let o be 1 - (-2 - (0 + 2)). Suppose -o*u = -6*u + 3. Suppose 2*l = y + 21, -3*y - 12 = -u. What are the prime factors of l?
3
Let l = 539 + -312. What are the prime factors of l?
227
Let f = 52 - 35. Suppose -3*b - 2*a - a = -27, 2*b + 3*a = f. Suppose -4*p + b = -2*p. What are the prime factors of p?
5
What are the prime factors of (-1664)/(-56) + (-4)/(-14)?
2, 3, 5
Suppose -17 = -2*w - 7. Suppose -2*k - 60 = -w*k. List the prime factors of k.
2, 5
Suppose 868 - 88 = 5*u. List the prime factors of u.
2, 3, 13
Let l = 65 - 6. List the prime factors of l.
59
Let z = -97 + -41. What are the prime factors of ((-14)/(-21))/((-4)/z)?
23
Suppose 14 = 4*j - 2. Suppose -5*d - j*v + 166 = -3*v, v - 34 = -d. Suppose 2*x + 1 - d = 0. List the prime factors of x.
2
Suppose 0*j = -2*j + 24. Suppose v - j = -0*v. What are the prime factors of v?
2, 3
Let t be (-1)/3 - 10/(-3). Let y(b) = -b**2 + 18*b - 14. Let v be y(16). Suppose -v = -t*s + 18. What are the prime factors of s?
2, 3
Suppose -3*r = -i + 42 + 45, 3*i - 267 = 3*r. What are the prime factors of i?
2, 3, 5
Let v(q) = q**3 + 68. List the prime factors of v(0).
2, 17
Let s(u) be the first derivative of 4*u**2 + u - 3. List the prime factors of s(1).
3
Suppose 5*n - 3*w = -4*w + 25, 0 = -3*n - 2*w + 22. Suppose 0*z + n*z = -12. Let q = 0 - z. List the prime factors of q.
3
Let f be (-13)/5 - 4/10. Let j = f + 17. List the prime factors of j.
2, 7
Let p(j) = -j**3 + 10*j**2 + 3*j + 7. List the prime factors of p(10).
37
Suppose 2*t - 56 = -2*t. List the prime factors of t.
2, 7
Let s = 21 + -23. Let z = 5 - -1. What are the prime factors of (z - 2)*(-2)/s?
2
Suppose 0 - 4 = -4*m. Let a = -3 - -2. Let s = m - a. List the prime factors of s.
2
Let d be (-56)/9 - (-4)/18. Let p = 10 + d. What are the prime factors of p?
2
Let h(u) be the second derivative of 0 + 1/6*u**4 - 3/2*u**2 - 2*u + 1/2*u**3. List the prime factors of h(-3).
2, 3
Let u(p) = 22*p - 8. What are the prime factors of u(5)?
2, 3, 17
Let f(j) = 0 + 1 + 3*j - 2 + 2*j. Suppose r = -r + 2. List the prime factors of f(r).
2
Let d(n) = -n**3 - 4*n**2 + 5*n - 3. Let m be d(-5). Let p = m + 9. What are the prime factors of p?
2, 3
Let m(s) = -s**2 - 4*s - 1. Let k be m(-2). Suppose 0 = -4*p - 2*y + 32, 8*p = k*p + y + 40. What are the prime factors of p?
2
What are the prime factors of 10 + (6 - 2) + 0 + 0?
2, 7
Let n be (8/6)/((-2)/(-15)). Let z be (2 + 0)/4*4. Suppose z*r = 7*r - n. What are the prime factors of r?
2
Let o = 9 - 6. Suppose -o*t + 0*t = -57. What are the prime factors of t?
19
Let c(u) = u**3 + 11*u**2 + 3*u - 10. Let s be c(-10). Suppose -f + 29 = 4*t, 0 = -f - 4*f - 3*t + s. Suppose 2*h = -h + f. List the prime factors of h.
3
Let h(m) = -9*m**2 + 2*m + 1. Let j be h(-1). Let r(w) = w**3 + 9*w**2 - 12*w - 8. List the prime factors of r(j).
2, 3
Suppose -4*s + 18 = -2*k + k, 0 = k - 2*s + 8. Let a(t) = -6*t + 1. Let y be a(k). What are the prime factors of 3 + -2 - (1 + y)?
11
Suppose -16 + 1 = 3*z. Let t = -3 - z. Suppose p - 14 + t = 0. What are the prime factors of p?
2, 3
Suppose -2*g = -4*g - 26. Let f = g + 22. What are the prime factors of f?
3
Let w = 0 - 0. Suppose m - 4 = w, -2*l - 3*m + 10 = 2*m. Let r = 8 + l. What are the prime factors of r?
3
Suppose -4*c + 6*c - 5*f = 128, 3*c = -4*f + 146. Suppose 5*h - 6 = c. List the prime factors of h.
2, 3
Let j be ((-410)/15)/((-2)/6). Suppose 3 = r + 2, -5*d + j = 2*r. What are the prime factors of d?
2
Let x = 15 - -3. What are the prime factors of (3/9)/(2/x)?
3
Let h(a) be the third derivative of a**6/120 - a**5/30 - a**4/4 + 5*a**3/6 - 4*a**2. What are the prime factors of h(4)?
13
Let o = 12 - 8. What are the prime factors of 104/o - (3 + 0)?
23
Let m = 19 - -85. List the prime factors of m.
2, 13
Let n = -31 - -88. List the prime factors of n.
3, 19
Suppose 17 + 8 = o. What are the prime factors of o?
5
What are the prime factors of -4 + 4/1 + 102 + -2?
2, 5
Let m = -3 + 5. Suppose -k = -m, 6*k = -5*p + 2*k + 23. Suppose -3*i - 23 = -5*q - i, -p*q + i = -13. List the prime factors of q.
3
Let h(z) = z**2 + z + 1. Let w be h(-5). Let n = w - 11. What are the prime factors of n?
2, 5
Suppose 3 = 2*p - 3. Let d be 1/p*(2 - -7). List the prime factors of (-9)/(-2)*2/d.
3
Let l = -5 - -8. Suppose -s + 88 = l*s. Suppose -5*h - 7 = -s. List the prime factors of h.
3
Let y(i) = -23*i. What are the prime factors of y(-1)?
23
Suppose -4*c + 191 = j, 3*c - 2*j = 2*j + 148. What are the prime factors of c?
2, 3
Let u = -31 + 102. What are the prime factors of u?
71
Suppose y = -3*w + 100, 45 = -2*y + 4*w + 275. What are the prime factors of y?
109
Let d(t) = 2*t**2 + t + 2. Let u be 2 - (2 - -2 - 2). Suppose 0 = -q - u*q - 2. What are the prime factors of d(q)?
2
Let g = 23 - 13. Let z(f) = f**3 - 3*f**2 + 3*f - 1. Let l be z(2). Let r = g - l. List the prime factors of r.
3
What are the prime factors of (-4)/(24/27)*(-34 + 2)?
2, 3
Let j be 29/(-2*(-3)/6). Let q = 63 - j. What are the prime factors of q?
2, 17
Let t = 6 + -4. Suppose 2*m = -g + 1, -t*g - 11 - 14 = -5*m. List the prime factors of 5*(3 - 0)/m.
5
Let f = 104 + -65. What are the prime factors of f?
3, 13
Suppose -4*y - 5*w = -85, -2*y + 2*w = -5*y + 62. List the prime factors of y.
2, 5
Let d(q) = 9*q**2 - 6. Let y(j) = -4*j**2 + 3. Let l(a) = -3*d(a) - 7*y(a). List the prime factors of l(3).
2, 3
Let y be 16/(-4)*(-26)/4. Let u = y + -11. List the prime factors of u.
3, 5
Let z = -3 - -3. Let b be 2 + z*3/(-9). List the prime factors of (-4)/(b + 0) - -14.
2, 3
List the prime factors of (-3)/18 + (-542)/(-12).
3, 5
List the prime factors of (1 - -1)/6*87.
29
Let i = 21 - 11. Suppose 10 = 3*j - 0*f - f, i = -3*j + 5*f. Suppose -5*p + j*c + 5 = 0, -2*p - 2*c = -